5974?
9
What is the hundreds digit of 944067?
0
What is the ten millions digit of 17390576?
1
What is the tens digit of 2690465?
6
What is the thousands digit of 278193?
8
What is the ten thousands digit of 455480?
5
What is the hundreds digit of 2619042?
0
What is the millions digit of 1265945?
1
What is the hundred thousands digit of 145722?
1
What is the units digit of 985181?
1
What is the thousands digit of 608980?
8
What is the hundred thousands digit of 1952928?
9
What is the hundreds digit of 4960108?
1
What is the ten thousands digit of 2186139?
8
What is the tens digit of 592727?
2
What is the units digit of 4506868?
8
What is the hundred thousands digit of 3007907?
0
What is the hundred thousands digit of 199634?
1
What is the ten thousands digit of 4338724?
3
What is the ten thousands digit of 575346?
7
What is the millions digit of 2170091?
2
What is the millions digit of 7824052?
7
What is the thousands digit of 7933893?
3
What is the hundreds digit of 1292002?
0
What is the tens digit of 17412397?
9
What is the ten thousands digit of 1234683?
3
What is the thousands digit of 15000943?
0
What is the hundred thousands digit of 780382?
7
What is the hundreds digit of 9244900?
9
What is the units digit of 498331?
1
What is the units digit of 5482?
2
What is the thousands digit of 102525?
2
What is the tens digit of 36868035?
3
What is the hundreds digit of 24757617?
6
What is the hundreds digit of 277962?
9
What is the ten thousands digit of 892955?
9
What is the thousands digit of 230828?
0
What is the tens digit of 1597099?
9
What is the thousands digit of 8556963?
6
What is the units digit of 2311659?
9
What is the hundred thousands digit of 587196?
5
What is the thousands digit of 90614?
0
What is the ten thousands digit of 7011396?
1
What is the thousands digit of 15790947?
0
What is the hundreds digit of 2676468?
4
What is the units digit of 3262756?
6
What is the hundreds digit of 4800?
8
What is the hundred thousands digit of 978763?
9
What is the tens digit of 5331723?
2
What is the units digit of 6716664?
4
What is the hundred thousands digit of 5367396?
3
What is the tens digit of 2300342?
4
What is the hundred thousands digit of 6850534?
8
What is the tens digit of 419298?
9
What is the hundred thousands digit of 286706?
2
What is the units digit of 4118271?
1
What is the tens digit of 738588?
8
What is the tens digit of 39640?
4
What is the units digit of 6274097?
7
What is the hundred thousands digit of 2103685?
1
What is the tens digit of 113734?
3
What is the millions digit of 2197605?
2
What is the hundreds digit of 608361?
3
What is the hundreds digit of 1425794?
7
What is the millions digit of 1808772?
1
What is the hundreds digit of 11168911?
9
What is the ten thousands digit of 1411680?
1
What is the hundred thousands digit of 5131789?
1
What is the tens digit of 7052310?
1
What is the tens digit of 8383?
8
What is the hundreds digit of 200080?
0
What is the millions digit of 37528392?
7
What is the millions digit of 1255495?
1
What is the tens digit of 78026?
2
What is the ten thousands digit of 28114?
2
What is the ten thousands digit of 520134?
2
What is the units digit of 1355263?
3
What is the tens digit of 958820?
2
What is the hundreds digit of 1218874?
8
What is the tens digit of 4857100?
0
What is the hundreds digit of 213053?
0
What is the thousands digit of 17621476?
1
What is the tens digit of 191102?
0
What is the hundreds digit of 31762056?
0
What is the ten thousands digit of 4703538?
0
What is the units digit of 21838401?
1
What is the hundred thousands digit of 523522?
5
What is the hundreds digit of 623346?
3
What is the tens digit of 23569977?
7
What is the thousands digit of 978294?
8
What is the ten thousands digit of 127329?
2
What is the hundred thousands digit of 8484290?
4
What is the units digit of 349317?
7
What is the tens digit of 3849742?
4
What is the ten thousands digit of 713953?
1
What is the ten thousands digit of 346542?
4
What is the units digit of 1448772?
2
What is the hundreds digit of 793069?
0
What is the hundred thousands digit of 399142?
3
What is the hundred thousands digit of 776454?
7
What is the units digit of 673517?
7
What is the hundreds digit of 326460?
4
What is the hundred thousands digit of 138522?
1
What is the tens digit of 524001?
0
What is the hundreds digit of 432209?
2
What is the millions digit of 5924372?
5
What is the ten millions digit of 42993266?
4
What is the ten thousands digit of 554760?
5
What is the millions digit of 3039859?
3
What is the millions digit of 12086908?
2
What is the hundreds digit of 4945007?
0
What is the tens digit of 297915?
1
What is the hundreds digit of 67693?
6
What is the hundreds digit of 1751089?
0
What is the hundred thousands digit of 153321?
1
What is the millions digit of 1327380?
1
What is the thousands digit of 32225?
2
What is the thousands digit of 559795?
9
What is the hundreds digit of 313096?
0
What is the thousands digit of 4218645?
8
What is the tens digit of 1574861?
6
What is the units digit of 126477?
7
What is the ten thousands digit of 8950594?
5
What is the thousands digit of 6899310?
9
What is the ten thousands digit of 28471206?
7
What is the thousands digit of 11145933?
5
What is the units digit of 736700?
0
What is the hundreds digit of 349471?
4
What is the tens digit of 142405?
0
What is the units digit of 1224280?
0
What is the ten thousands digit of 2155728?
5
What is the units digit of 681329?
9
What is the millions digit of 1148271?
1
What is the millions digit of 3512133?
3
What is the thousands digit of 509296?
9
What is the units digit of 8278387?
7
What is the units digit of 9934868?
8
What is the hundred thousands digit of 682138?
6
What is the units digit of 955349?
9
What is the ten thousands digit of 3392423?
9
What is the hundreds digit of 2280098?
0
What is the hundred thousands digit of 243983?
2
What is the hundreds digit of 1128079?
0
What is the ten thousands digit of 4437951?
3
What is the millions digit of 7687750?
7
What is the thousands digit of 315111?
5
What is the ten millions digit of 13339330?
1
What is the hundred thousands digit of 345121?
3
What is the hundreds digit of 1483001?
0
What is the tens digit of 9247309?
0
What is the tens digit of 10926?
2
What is the tens digit of 2238144?
4
What is the units digit of 15621343?
3
What is the tens digit of 4205563?
6
What is the hundreds digit of 433047?
0
What is the thousands digit of 53311?
3
What is the hundreds digit of 515126?
1
What is the hundred thousands digit of 823604?
8
What is the millions digit of 3938214?
3
What is the units digit of 635506?
6
What is the hundred thousands digit of 211892?
2
What is the hundred thousands digit of 13514232?
5
What is the units digit of 26112?
2
What is the ten thousands digit of 1112831?
1
What is the hundred thousands digit of 202031?
2
What is the millions digit of 8150717?
8
What is the thousands digit of 2180231?
0
What is the hundred thousands digit of 3558340?
5
What is the thousands digit of 265537?
5
What is the tens digit of 4537400?
0
What is the hundred thousands digit of 1099005?
0
What is the units digit of 79323?
3
What is the hundreds digit of 103700?
7
What is the hundreds digit of 80109?
1
What is the units digit of 23364?
4
What is the units digit of 39654?
4
What is the hundred thousands digit of 2092347?
0
What is the hundreds digit of 183587?
5
What is the ten millions digit of 17736455?
1
What is the units digit of 16264638?
8
What is the tens digit of 7603?
0
What is the hundreds digit of 427752?
7
What is the hundred thousands digit of 3849672?
8
What is the thousands digit of 29927105?
7
What is the thousands digit of 44124?
4
What is the thousands digit of 14522?
4
What is the units digit of 11615716?
6
What is the tens digit of 556590?
9
What is the tens digit of 3421694?
9
What is the ten thousands digit of 32644398?
4
What is the ten thousands digit of 297380?
9
What is the hundreds digit of 271161?
1
What is the thousands digit of 713683?
3
What is the hundred thousands digit of 173468?
1
What is the hundred thousands digit of 4405683?
4
What is the thousands digit of 13591539?
1
What is the units digit of 46712?
2
What is the ten thou